{"id":1045,"date":"2017-09-21T17:17:47","date_gmt":"2017-09-21T20:17:47","guid":{"rendered":"http:\/\/baccigalupo.bwcomunicacion.com\/?page_id=995"},"modified":"2021-08-11T12:17:30","modified_gmt":"2021-08-11T12:17:30","slug":"corro-x-2","status":"publish","type":"page","link":"https:\/\/fundacionbaccigalupo.org\/sitio\/corro-x-2\/","title":{"rendered":"Corro x 2"},"content":{"rendered":"<p>[vc_row][vc_column][vc_column_text]<\/p>\n<h3 style=\"text-align: center; font-size: 28px; font-weight: inherit;\"><strong>Corro x 2<\/strong><\/h3>\n<p>[\/vc_column_text][\/vc_column][\/vc_row][vc_row][vc_column width=\u00bb1\/2&#8243;][vc_column_text css=\u00bb.vc_custom_1628015019266{padding-left: 15% !important;}\u00bb]Corro x 2 fue una iniciativa solidaria que tuvo\u00a0como objetivo recaudar fondos para que cada vez m\u00e1s personas con discapacidad intelectual accedan al deporte para mejorar su calidad de vida. Los maratonistas que corr\u00edan los 42K de Buenos Aires eran invitados a recorrer sus \u00faltimos 100 mts de la mano de uno de nuestros alumnos. La inscripci\u00f3n era previa otorg\u00e1ndole a cada deportista un sticker identificatorio del #CorroX2. Una vez inscriptos los inform\u00e1bamos con nombre y foto de su \u201cpareja\u201d y lo areng\u00e1bamos a que obtuviera \u201csponsors\u201d que lo apoyaran en su desaf\u00edo de ayudar a la Fundaci\u00f3n.<\/p>\n<p>A 200 mts de la meta entr\u00e1bamos en contacto con los atletas e inform\u00e1bamos a la base (los 100 mts) para que el enlace se realizara sin entorpecer el ritmo y marcha. A partir de all\u00ed recorr\u00edan esos \u00faltimos metros entre l\u00e1grimas o abrazados, todos felices y muchos reconociendo haber estado a punto de abandonar y que saber que los estaban esperando los motivo a seguir en carrera y completar el recorrido.<\/p>\n<p>Luego de seis ediciones, nuevas normativas reglamentarias internacionales de las maratones nos obligaron a discontinuar con el \u201cCorroX2\u201d. Quedan por siempre en nuestra memoria y coraz\u00f3n tantas manos estrechadas entre deportistas convencionales con las de nuestros propios atletas recorriendo los \u00faltimos 100 mts. Gracias a todos por estos a\u00f1os de emociones y abrazos interminables.<\/p>\n<p>En el 2020, despu\u00e9s de 4 a\u00f1os decidimos re versionar nuestro querido <strong>CorroX2<\/strong> a un modo <strong>Online<\/strong>.\u00a0 En un a\u00f1o tan dif\u00edcil de pandemia donde se revalorizaron los afectos, nos motiv\u00f3 revivir este maravilloso evento que siempre gener\u00f3 una alt\u00edsima cuota emocional entre los corredores y nuestros deportistas.\u00a0 La virtualidad permiti\u00f3 la participaci\u00f3n federal de todos aquellos que quisieran sumarse sin importar el lugar en que se encontraran. Una ma\u00f1ana de diciembre, todos los participantes salieron a correr o caminar acompa\u00f1ados del aliento de su <strong>dupla<\/strong>, un deportista de la Fundaci\u00f3n.\u00a0 Finalizamos el evento junt\u00e1ndonos todos en un inolvidable encuentro en la <strong>#MetaZoom<\/strong>.[\/vc_column_text][\/vc_column][vc_column width=\u00bb1\/2&#8243;][vc_single_image image=\u00bb1937&#8243; img_size=\u00bblarge\u00bb alignment=\u00bbcenter\u00bb][vc_single_image image=\u00bb1938&#8243; img_size=\u00bblarge\u00bb alignment=\u00bbcenter\u00bb][vc_video link=\u00bbhttps:\/\/www.youtube.com\/watch?v=R3KVSeT8APo\u00bb el_width=\u00bb70&#8243; align=\u00bbcenter\u00bb title=\u00bbCorroX2 Online\u00bb][\/vc_column][\/vc_row][vc_row css=\u00bb.vc_custom_1516371844917{padding-right: 15% !important;padding-left: 15% !important;}\u00bb][vc_column][vc_empty_space height=\u00bb52px\u00bb][vc_cta h2=\u00bbArchivo de Carreras\u00bb txt_align=\u00bbcenter\u00bb style=\u00bbflat\u00bb color=\u00bbvista-blue\u00bb]<\/p>\n<h4 style=\"text-align: center;\"><a style=\"color: #ffffff;\" href=\"http:\/\/corrox2.fundacionbaccigalupo.org\/index.php?idEvento=2\">Marat\u00f3n de Buenos Aires 42K &#8211; Edic. 2011 realizada el 09\/10\/2011<\/a><\/h4>\n<h4 style=\"text-align: center;\"><a style=\"color: #ffffff;\" href=\"http:\/\/corrox2.fundacionbaccigalupo.org\/index.php?idEvento=5\">Marat\u00f3n de Buenos Aires 42K &#8211; 2012 realizada el 07\/10\/2012<\/a><\/h4>\n<h4 style=\"text-align: center;\"><a style=\"color: #ffffff;\" href=\"http:\/\/corrox2.fundacionbaccigalupo.org\/index.php?idEvento=6\">Marat\u00f3n de Buenos Aires 42K Edici\u00f3n 2013 realizada el 13\/10\/2013<\/a><\/h4>\n<h4 style=\"text-align: center;\"><a style=\"color: #ffffff;\" href=\"http:\/\/corrox2.fundacionbaccigalupo.org\/index.php?idEvento=7\">Marat\u00f3n Buenos Aires 42K &#8211; Edici\u00f3n 2014 realizada el 12\/10\/2014<\/a><\/h4>\n<h4 style=\"text-align: center;\"><a style=\"color: #ffffff;\" href=\"http:\/\/corrox2.fundacionbaccigalupo.org\/index.php?idEvento=8\">Marat\u00f3n Buenos Aires 42K &#8211; Edici\u00f3n 2015 realizada el 11\/10\/2015<\/a><\/h4>\n<h4 style=\"text-align: center;\"><a style=\"color: #ffffff;\" href=\"http:\/\/corrox2.fundacionbaccigalupo.org\/index.php?idEvento=10\">Marat\u00f3n Buenos Aires 42K &#8211; Edici\u00f3n 2016 &#8211; \u00daltimo Corro x 2<\/a><\/h4>\n<p>[\/vc_cta][\/vc_column][\/vc_row]<\/p>\n","protected":false},"excerpt":{"rendered":"<p>[vc_row][vc_column][vc_column_text] Corro x 2 [\/vc_column_text][\/vc_column][\/vc_row][vc_row][vc_column width=\u00bb1\/2&#8243;][vc_column_text css=\u00bb.vc_custom_1628015019266{padding-left: 15% !important;}\u00bb]Corro x 2 fue una iniciativa solidaria que tuvo\u00a0como objetivo recaudar fondos para que cada vez m\u00e1s personas con discapacidad intelectual accedan al deporte para mejorar su calidad de vida. Los maratonistas que corr\u00edan los 42K de Buenos Aires eran invitados a recorrer sus \u00faltimos 100 mts [&hellip;]<\/p>\n","protected":false},"author":2,"featured_media":0,"parent":0,"menu_order":0,"comment_status":"closed","ping_status":"closed","template":"","meta":{"spay_email":""},"jetpack_sharing_enabled":true,"jetpack_shortlink":"https:\/\/wp.me\/P9F6gM-gR","jetpack_likes_enabled":true,"_links":{"self":[{"href":"https:\/\/fundacionbaccigalupo.org\/sitio\/wp-json\/wp\/v2\/pages\/1045"}],"collection":[{"href":"https:\/\/fundacionbaccigalupo.org\/sitio\/wp-json\/wp\/v2\/pages"}],"about":[{"href":"https:\/\/fundacionbaccigalupo.org\/sitio\/wp-json\/wp\/v2\/types\/page"}],"author":[{"embeddable":true,"href":"https:\/\/fundacionbaccigalupo.org\/sitio\/wp-json\/wp\/v2\/users\/2"}],"replies":[{"embeddable":true,"href":"https:\/\/fundacionbaccigalupo.org\/sitio\/wp-json\/wp\/v2\/comments?post=1045"}],"version-history":[{"count":22,"href":"https:\/\/fundacionbaccigalupo.org\/sitio\/wp-json\/wp\/v2\/pages\/1045\/revisions"}],"predecessor-version":[{"id":2203,"href":"https:\/\/fundacionbaccigalupo.org\/sitio\/wp-json\/wp\/v2\/pages\/1045\/revisions\/2203"}],"wp:attachment":[{"href":"https:\/\/fundacionbaccigalupo.org\/sitio\/wp-json\/wp\/v2\/media?parent=1045"}],"curies":[{"name":"wp","href":"https:\/\/api.w.org\/{rel}","templated":true}]}}