{"id":1581,"date":"2018-01-17T20:08:14","date_gmt":"2018-01-17T20:08:14","guid":{"rendered":"http:\/\/fundacionbaccigalupo.org\/sitio\/?page_id=1581"},"modified":"2019-01-23T16:53:02","modified_gmt":"2019-01-23T16:53:02","slug":"educar-para-dar","status":"publish","type":"page","link":"https:\/\/fundacionbaccigalupo.org\/sitio\/educar-para-dar\/","title":{"rendered":"Educar para dar"},"content":{"rendered":"<p>[vc_row][vc_column][vc_column_text]<\/p>\n<h3 style=\"text-align: center; font-size: 28px; font-weight: inherit;\"><strong>Educar para dar<\/strong><\/h3>\n<p>[\/vc_column_text][\/vc_column][\/vc_row][vc_row][vc_column width=\u00bb2\/3&#8243;][vc_column_text css=\u00bb.vc_custom_1516369733471{padding-right: 15% !important;padding-left: 15% !important;}\u00bb]<\/p>\n<p>El Programa consiste en capacitar a profesores, en distintas ciudades del pa\u00eds y del exterior, en educaci\u00f3n deportiva adaptada replicando el sistema de ense\u00f1anza deportiva llevado adelante por la Fundaci\u00f3n por m\u00e1s de 14 a\u00f1os.<\/p>\n<p>La visi\u00f3n de Educar para dar es que muy cerca de cada necesidad existan docentes debidamente formados para satisfacer a esta demanda. La capacitaci\u00f3n incluye clases te\u00f3ricas y pr\u00e1cticas brindadas por nuestros coordinadores deportivos con a\u00f1os de experiencia en el contacto y la formaci\u00f3n deportiva de personas con discapacidad intelectual.<\/p>\n<p>El resultado final es que quien concurre a la capacitaci\u00f3n obtiene el saber del uso de las herramientas para brindar clases deportivas adaptadas a ni\u00f1os, j\u00f3venes y adultos.[\/vc_column_text][vc_cta h2=\u00bbConocenos\u00bb txt_align=\u00bbcenter\u00bb style=\u00bbflat\u00bb color=\u00bbvista-blue\u00bb el_width=\u00bbmd\u00bb add_button=\u00bbright\u00bb btn_title=\u00bbContacto\u00bb btn_style=\u00bbflat\u00bb btn_color=\u00bbpink\u00bb btn_link=\u00bburl:mailto%3Aandrea.benaim%40fundacionbaccigalupo.org||target:%20_blank|\u00bb]Para m\u00e1s informaci\u00f3n sobre este programa o actividades de la Fundaci\u00f3n, contactanos.[\/vc_cta][\/vc_column][vc_column width=\u00bb1\/3&#8243;][vc_empty_space height=\u00bb20px\u00bb][vc_single_image image=\u00bb1961&#8243; img_size=\u00bblarge\u00bb alignment=\u00bbcenter\u00bb][\/vc_column][\/vc_row]<\/p>\n","protected":false},"excerpt":{"rendered":"<p>[vc_row][vc_column][vc_column_text] Educar para dar [\/vc_column_text][\/vc_column][\/vc_row][vc_row][vc_column width=\u00bb2\/3&#8243;][vc_column_text css=\u00bb.vc_custom_1516369733471{padding-right: 15% !important;padding-left: 15% !important;}\u00bb] El Programa consiste en capacitar a profesores, en distintas ciudades del pa\u00eds y del exterior, en educaci\u00f3n deportiva adaptada replicando el sistema de ense\u00f1anza deportiva llevado adelante por la Fundaci\u00f3n por m\u00e1s de 14 a\u00f1os. La visi\u00f3n de Educar para dar es que muy [&hellip;]<\/p>\n","protected":false},"author":1,"featured_media":0,"parent":0,"menu_order":0,"comment_status":"closed","ping_status":"closed","template":"","meta":{"spay_email":""},"jetpack_sharing_enabled":true,"jetpack_shortlink":"https:\/\/wp.me\/P9F6gM-pv","jetpack_likes_enabled":true,"_links":{"self":[{"href":"https:\/\/fundacionbaccigalupo.org\/sitio\/wp-json\/wp\/v2\/pages\/1581"}],"collection":[{"href":"https:\/\/fundacionbaccigalupo.org\/sitio\/wp-json\/wp\/v2\/pages"}],"about":[{"href":"https:\/\/fundacionbaccigalupo.org\/sitio\/wp-json\/wp\/v2\/types\/page"}],"author":[{"embeddable":true,"href":"https:\/\/fundacionbaccigalupo.org\/sitio\/wp-json\/wp\/v2\/users\/1"}],"replies":[{"embeddable":true,"href":"https:\/\/fundacionbaccigalupo.org\/sitio\/wp-json\/wp\/v2\/comments?post=1581"}],"version-history":[{"count":8,"href":"https:\/\/fundacionbaccigalupo.org\/sitio\/wp-json\/wp\/v2\/pages\/1581\/revisions"}],"predecessor-version":[{"id":1962,"href":"https:\/\/fundacionbaccigalupo.org\/sitio\/wp-json\/wp\/v2\/pages\/1581\/revisions\/1962"}],"wp:attachment":[{"href":"https:\/\/fundacionbaccigalupo.org\/sitio\/wp-json\/wp\/v2\/media?parent=1581"}],"curies":[{"name":"wp","href":"https:\/\/api.w.org\/{rel}","templated":true}]}}