{"id":457,"date":"2017-05-04T12:36:24","date_gmt":"2017-05-04T15:36:24","guid":{"rendered":"http:\/\/baccigalupo.bwcomunicacion.com\/?page_id=457"},"modified":"2021-08-09T23:33:12","modified_gmt":"2021-08-09T23:33:12","slug":"integrar-superando-distancias","status":"publish","type":"page","link":"https:\/\/fundacionbaccigalupo.org\/sitio\/integrar-superando-distancias\/","title":{"rendered":"Integrar superando distancias"},"content":{"rendered":"<p>[vc_row 0=\u00bb\u00bb][vc_column 0=\u00bb\u00bb][vc_column_text css=\u00bb.vc_custom_1516381512547{margin-top: 6px !important;padding-right: 15% !important;padding-left: 15% !important;}\u00bb]<\/p>\n<h3 style=\"text-align: center; font-size: 28px; font-weight: inherit;\"><strong>Integrar superando distancias<\/strong><\/h3>\n<p>[\/vc_column_text][\/vc_column][\/vc_row][vc_row 0=\u00bb\u00bb][vc_column width=\u00bb2\/3&#8243;][vc_column_text css_animation=\u00bbappear\u00bb css=\u00bb.vc_custom_1628551954094{margin-bottom: 40px !important;padding-right: 15% !important;padding-left: 15% !important;}\u00bb]<\/p>\n<p style=\"background: white; margin: 0cm 0cm 18.75pt 0cm;\"><span style=\"font-size: 13.5pt; font-family: 'Catamaran','serif';\">Organizamos todos los a\u00f1os nuestro Torneos Nacional Fundaci\u00f3n Baccigalupo. Se realiza en las instalaciones del CeNARD y se prolonga tres d\u00edas. Deportistas de todas nuestras Escuelas del pa\u00eds, m\u00e1s otros provenientes de Alianzas o Apoyos conviven, compiten y confraternizan en una experiencia \u00fanica. M\u00e1s de 150 deportistas, con diferentes grados de complejidad, juegan torneos de f\u00fatbol, b\u00e1squet, tenis y realizan actividades l\u00fadicas. <\/span><\/p>\n<p style=\"background: white; margin: 0cm 0cm 18.75pt 0cm;\"><span style=\"font-size: 13.5pt; font-family: 'Catamaran','serif';\">Este programa tambi\u00e9n incluye giras deportivas o recreativas a Mar del Plata, Bah\u00eda Blanca, C\u00f3rdoba, Monte Hermoso, San Clemente y Villa Gesell.<\/span><\/p>\n<p><strong>GIRA ENERGETICA NACIONAL<\/strong><\/p>\n<p>A partir del a\u00f1o 2018 nacen las <strong>Giras Energ\u00e9ticas.\u00a0 <\/strong>J\u00f3venes de la Fundaci\u00f3n acompa\u00f1ados por sus profesores visitan otras sedes a lo largo del pa\u00eds, donde adem\u00e1s de realizar encuentros deportivos, tienen la oportunidad de conocer otras ciudades y hacer visitas culturales.<\/p>\n<p>Las Giras Energ\u00e9ticas finalizan anualmente con la realizaci\u00f3n del <strong>Torneo Nacional<\/strong>, donde j\u00f3venes de todo el pa\u00eds se encuentran para jugar al tenis, f\u00fatbol y b\u00e1squet.<\/p>\n<p><strong>GIRA ENERGETICA INTERNACIONAL<\/strong><\/p>\n<p>En el a\u00f1o 2019 cuatro j\u00f3venes con discapacidad intelectual de la Fundaci\u00f3n fueron invitados a participar del <strong>1\u00b0 Triangular de Padel Adaptado<\/strong> que desarroll\u00f3 en <strong>Portugal<\/strong>.<\/p>\n<p>La pandemia del 2020 no permiti\u00f3 a nuestros deportistas viajar al <strong>2\u00b0 Torneo Internacional de Padel adaptado en Madrid<\/strong>, sin embargo pudimos reversionar, con gran \u00e9xito, el encuentro a un modo virtual.[\/vc_column_text][vc_cta h2=\u00bbConocenos\u00bb txt_align=\u00bbcenter\u00bb style=\u00bbflat\u00bb color=\u00bbvista-blue\u00bb el_width=\u00bbmd\u00bb add_button=\u00bbright\u00bb btn_title=\u00bbContacto\u00bb btn_style=\u00bbflat\u00bb btn_color=\u00bbpink\u00bb btn_link=\u00bburl:mailto%3Ainfo%40fundacionbaccigalupo.org||target:%20_blank|\u00bb]Para m\u00e1s informaci\u00f3n sobre este programa o actividades de la Fundaci\u00f3n, contactanos.[\/vc_cta][\/vc_column][vc_column width=\u00bb1\/3&#8243;][vc_images_carousel images=\u00bb1958,1957,1956&#8243; img_size=\u00bblarge\u00bb onclick=\u00bblink_no\u00bb speed=\u00bb2000&#8243; autoplay=\u00bbyes\u00bb css_animation=\u00bbleft-to-right\u00bb][vc_video link=\u00bbhttps:\/\/youtu.be\/On5FrPKMZB8&#8243;][vc_gallery type=\u00bbflexslider_slide\u00bb interval=\u00bb3&#8243; images=\u00bb2197,2198,2199,2200&#8243; img_size=\u00bblarge\u00bb css_animation=\u00bbleft-to-right\u00bb][\/vc_column][\/vc_row]<\/p>\n","protected":false},"excerpt":{"rendered":"<p>[vc_row 0=\u00bb\u00bb][vc_column 0=\u00bb\u00bb][vc_column_text css=\u00bb.vc_custom_1516381512547{margin-top: 6px !important;padding-right: 15% !important;padding-left: 15% !important;}\u00bb] Integrar superando distancias [\/vc_column_text][\/vc_column][\/vc_row][vc_row 0=\u00bb\u00bb][vc_column width=\u00bb2\/3&#8243;][vc_column_text css_animation=\u00bbappear\u00bb css=\u00bb.vc_custom_1628551954094{margin-bottom: 40px !important;padding-right: 15% !important;padding-left: 15% !important;}\u00bb] Organizamos todos los a\u00f1os nuestro Torneos Nacional Fundaci\u00f3n Baccigalupo. Se realiza en las instalaciones del CeNARD y se prolonga tres d\u00edas. Deportistas de todas nuestras Escuelas del pa\u00eds, m\u00e1s otros provenientes [&hellip;]<\/p>\n","protected":false},"author":2,"featured_media":1201,"parent":0,"menu_order":0,"comment_status":"closed","ping_status":"closed","template":"","meta":{"spay_email":""},"jetpack_sharing_enabled":true,"jetpack_shortlink":"https:\/\/wp.me\/P9F6gM-7n","jetpack_likes_enabled":true,"_links":{"self":[{"href":"https:\/\/fundacionbaccigalupo.org\/sitio\/wp-json\/wp\/v2\/pages\/457"}],"collection":[{"href":"https:\/\/fundacionbaccigalupo.org\/sitio\/wp-json\/wp\/v2\/pages"}],"about":[{"href":"https:\/\/fundacionbaccigalupo.org\/sitio\/wp-json\/wp\/v2\/types\/page"}],"author":[{"embeddable":true,"href":"https:\/\/fundacionbaccigalupo.org\/sitio\/wp-json\/wp\/v2\/users\/2"}],"replies":[{"embeddable":true,"href":"https:\/\/fundacionbaccigalupo.org\/sitio\/wp-json\/wp\/v2\/comments?post=457"}],"version-history":[{"count":20,"href":"https:\/\/fundacionbaccigalupo.org\/sitio\/wp-json\/wp\/v2\/pages\/457\/revisions"}],"predecessor-version":[{"id":2201,"href":"https:\/\/fundacionbaccigalupo.org\/sitio\/wp-json\/wp\/v2\/pages\/457\/revisions\/2201"}],"wp:featuredmedia":[{"embeddable":true,"href":"https:\/\/fundacionbaccigalupo.org\/sitio\/wp-json\/wp\/v2\/media\/1201"}],"wp:attachment":[{"href":"https:\/\/fundacionbaccigalupo.org\/sitio\/wp-json\/wp\/v2\/media?parent=457"}],"curies":[{"name":"wp","href":"https:\/\/api.w.org\/{rel}","templated":true}]}}