{"id":944,"date":"2017-07-24T15:19:40","date_gmt":"2017-07-24T18:19:40","guid":{"rendered":"http:\/\/baccigalupo.bwcomunicacion.com\/?page_id=944"},"modified":"2021-08-06T18:59:25","modified_gmt":"2021-08-06T18:59:25","slug":"historia","status":"publish","type":"page","link":"https:\/\/fundacionbaccigalupo.org\/sitio\/historia\/","title":{"rendered":"Historia"},"content":{"rendered":"<p>[vc_row 0=\u00bb\u00bb][vc_column 0=\u00bb\u00bb][vc_custom_heading text=\u00bbAs\u00ed naci\u00f3 la Fundaci\u00f3n&#8230;\u00bb font_container=\u00bbtag:h3|font_size:28px|text_align:center|color:%230a0a0a\u00bb use_theme_fonts=\u00bbyes\u00bb][\/vc_column][\/vc_row][vc_row equal_height=\u00bbyes\u00bb content_placement=\u00bbtop\u00bb][vc_column width=\u00bb1\/2&#8243;][vc_column_text css=\u00bb.vc_custom_1516379104682{padding-right: 0px !important;padding-left: 10% !important;}\u00bb]<\/p>\n<p><em>\u201cUn hecho disparador me motiv\u00f3 a trabajar con ni\u00f1os y j\u00f3venes con discapacidad intelectual. Hace muchos a\u00f1os me pidieron ser \u2018abrazador\u2019 en una carrera con atletas con discapacidad intelectual. La tarea era sencilla: mirar a uno de los corredores a los ojos durante todo el recorrido, para que no se distrajera y viniera directo hacia m\u00ed. Mir\u00e9 a los ojos al muchacho, abr\u00ed los brazos de par en par y comenc\u00e9 a llamarlo y vivarlo para que viniera hacia m\u00ed, sin quitarle jam\u00e1s la vista de encima. \u00c9l me miraba y sonre\u00eda, y corr\u00eda con fuerzas porque el triunfo, para \u00e9l, significaba envolverse en mi abrazo. Cuando lleg\u00f3, lo abrac\u00e9 tan fuerte que se me estremeci\u00f3 el coraz\u00f3n. Y de ese estremecimiento naci\u00f3 una de esas alegr\u00edas que pocas veces se sienten en la vida. Eso me hizo tomar la decisi\u00f3n de que, en cuanto pudiera, intentar\u00eda volcar hacia ellos todo lo que el deporte me da\u201d<\/em>.<\/p>\n<p><em><strong>Cecilia Baccigalupo<\/strong><\/em>[\/vc_column_text][\/vc_column][vc_column width=\u00bb1\/2&#8243;][vc_empty_space 0=\u00bb\u00bb][vc_single_image image=\u00bb1933&#8243; img_size=\u00bblarge\u00bb alignment=\u00bbcenter\u00bb][\/vc_column][\/vc_row][vc_row css=\u00bb.vc_custom_1516379167923{margin-bottom: 15px !important;}\u00bb][vc_column][vc_custom_heading text=\u00bbEl salto de la Fundaci\u00f3n\u00bb font_container=\u00bbtag:h3|font_size:28px|text_align:center|color:%230a0a0a\u00bb use_theme_fonts=\u00bbyes\u00bb][\/vc_column][\/vc_row][vc_row][vc_column width=\u00bb1\/2&#8243;][vc_single_image image=\u00bb1422&#8243; img_size=\u00bb400&#215;300&#8243; alignment=\u00bbcenter\u00bb][\/vc_column][vc_column width=\u00bb1\/2&#8243;][vc_column_text css=\u00bb.vc_custom_1516375570780{padding-right: 10% !important;padding-left: 0px !important;}\u00bb]Durante una de las series de Copa Davis de 2005 jugada en Buenos Aires, alumnos de la Fundaci\u00f3n participaron de la jornada y pelotearon junto a \u201cla legi\u00f3n\u201d\u00a0<strong>al finalizar el encuentro. Pablo Maciel \u201csalt\u00f3\u201d la red y se fundi\u00f3 en un abrazo con Guillermo Coria<\/strong>.<\/p>\n<p>La gente ovacion\u00f3 de pie, los locutores relataban el hecho con la voz quebrada por la emoci\u00f3n. Los reporteros gr\u00e1ficos capturaron ese momento que fue tapa de todos los suplementos deportivos del d\u00eda siguiente y result\u00f3 nuestro \u201cbautismo\u201d p\u00fablico en los medios.[\/vc_column_text][\/vc_column][\/vc_row][vc_row][vc_column][vc_empty_space height=\u00bb62px\u00bb][vc_custom_heading text=\u00bbEl d\u00eda despu\u00e9s\u00bb font_container=\u00bbtag:h3|font_size:28px|text_align:center|color:%230a0a0a\u00bb use_theme_fonts=\u00bbyes\u00bb css=\u00bb.vc_custom_1516381696433{margin-bottom: 15px !important;}\u00bb][\/vc_column][\/vc_row][vc_row][vc_column width=\u00bb1\/2&#8243;][vc_column_text css=\u00bb.vc_custom_1516375588579{padding-right: 0px !important;padding-left: 10% !important;}\u00bb]La repercusi\u00f3n de la imagen de ese abrazo fue incre\u00edble. A partir de ese d\u00eda la Fundaci\u00f3n no s\u00f3lo recibi\u00f3 mensajes de clubes y escuelas que se interesaron por nuestro trabajo, sino que tambi\u00e9n nos llovieron llamados de padres animados a inscribir a sus hijos. As\u00ed se abrieron t\u00edmidamente las puertas de las primeras empresas decididas a colaborar.\u00a0<strong>De esta forma, nacieron las escuelas deportivas de tenis y hockey y nuevos referentes deportivos se acercaron para apadrinar nuestra labor y difundir las actividades. Entre otros, jugadoras de la selecci\u00f3n nacional de hockey y su ex entrenador, Sergio \u201cCachito\u201d Vigil, los tenistas David Nalbandian, Guillermo Ca\u00f1as y Paola Su\u00e1rez y el padelista Fernando Belasteguin<\/strong>. As\u00ed Cecilia Baccigalupo recibi\u00f3 el premio Juntos Educar 2005 por su trayectoria en el \u00e1mbito educativo, otorgado por el Arzobispado de la Ciudad de Buenos Aires.[\/vc_column_text][\/vc_column][vc_column width=\u00bb1\/2&#8243;][vc_gallery interval=\u00bb3&#8243; images=\u00bb1597,1598,1599,1600,1601&#8243; img_size=\u00bblarge\u00bb css=\u00bb.vc_custom_1516369261897{padding-right: 10% !important;padding-left: 10% !important;}\u00bb][\/vc_column][\/vc_row][vc_row][vc_column][vc_empty_space height=\u00bb62px\u00bb][vc_custom_heading text=\u00bbTomamos vuelo\u00bb font_container=\u00bbtag:h3|font_size:28px|text_align:center|color:%230a0a0a\u00bb use_theme_fonts=\u00bbyes\u00bb css=\u00bb.vc_custom_1516381705229{margin-bottom: 15px !important;}\u00bb][\/vc_column][\/vc_row][vc_row][vc_column width=\u00bb1\/2&#8243;][vc_column_text css=\u00bb.vc_custom_1516375603579{padding-right: 0px !important;padding-left: 10% !important;}\u00bb]El 2006 fue un a\u00f1o de crecimiento. La Fundaci\u00f3n particip\u00f3 como invitada en los principales eventos deportivos a nivel nacional. Organiz\u00f3 su primera Cena Subasta Solidaria. Viaj\u00f3 a Espa\u00f1a junto a seis alumnos, al primer Encuentro Iberoamericano de J\u00f3venes con Discapacidad Intelectual, organizado por la Fundaci\u00f3n Iberostar en Mallorca. El viaje fue posible gracias a una campa\u00f1a de recaudaci\u00f3n denominada, justamente, \u201cEl Abrazador\u201d, y a partir del cual nuevas personas y entidades se sumar\u00edan como voluntarios o sponsors de la Fundaci\u00f3n.\u00a0<strong>En Espa\u00f1a, nuestros alumnos: Pedro Molina, Pablo Maciel, Leandro Ideses, Pablo Sanguinetti, Santiago Chiappe y Patricio Acu\u00f1a conocieron y jugaron con otros j\u00f3venes y se codearon con Carlos Moy\u00e1 y otros grandes del deporte.<\/strong>\u00a0Pedro Molina y Pablo Maciel, adem\u00e1s, visitaron el F\u00fatbol Club Barcelona y jugaron en el Camp Nou con Messi, Saviola y Ronaldinho, que recibieron a los chicos con el m\u00e1s c\u00e1lido de los afectos. Pedro, resumi\u00f3 as\u00ed la experiencia en la conferencia de prensa: \u201cvamos a representar a la Argentina como campeones del coraz\u00f3n\u201d. Se fueron campeones y volvieron campeones.[\/vc_column_text][\/vc_column][vc_column width=\u00bb1\/2&#8243;][vc_single_image image=\u00bb1561&#8243; img_size=\u00bblarge\u00bb alignment=\u00bbcenter\u00bb][\/vc_column][\/vc_row][vc_row][vc_column][vc_empty_space height=\u00bb62px\u00bb][vc_custom_heading text=\u00bbUn crecimiento sostenido\u00bb font_container=\u00bbtag:h3|font_size:28px|text_align:center|color:%230a0a0a\u00bb use_theme_fonts=\u00bbyes\u00bb css=\u00bb.vc_custom_1516381713815{margin-bottom: 15px !important;}\u00bb][\/vc_column][\/vc_row][vc_row][vc_column width=\u00bb1\/2&#8243;][vc_single_image image=\u00bb1604&#8243; img_size=\u00bblarge\u00bb css=\u00bb.vc_custom_1516369296703{padding-right: 0px !important;padding-left: 10% !important;}\u00bb][\/vc_column][vc_column width=\u00bb1\/2&#8243;][vc_column_text css=\u00bb.vc_custom_1516369223485{padding-right: 10% !important;padding-left: 10% !important;}\u00bb]Los a\u00f1os fueron pasando y comenz\u00f3 a gestarse la idea de llevar tanto amor y conocimiento a otras zonas del pa\u00eds. Bajo el lema #FederalizandoAmor se abrieron nuevas Escuelas propias: Mar del Plata, Salta y C\u00f3rdoba. Pero, tambi\u00e9n se generaron Alianzas con diferentes instituciones que recibieron nuestro asesoramiento y supervisi\u00f3n como por ejemplo en Bah\u00eda Blanca (Asociaci\u00f3n Integrar) y R\u00edo Gallegos (R\u00edo Gallegos Tennis Club). Por \u00faltimo, viajamos por distintas ciudades (Posadas, Rosario, Rafaela, Santa F\u00e9) brindando talleres de capacitaci\u00f3n a docentes de deporte adaptado lo que ha generado v\u00ednculos que redundaron en la realizaci\u00f3n de actividades compartidas o invitaciones a nuestro<strong> Torneo Nacional Fundaci\u00f3n Baccigalupo<\/strong> que se realiza anualmente desde 2007.[\/vc_column_text][\/vc_column][\/vc_row][vc_row][vc_column][vc_column_text]<\/p>\n<p style=\"text-align: center;\">Actualmente, la Fundaci\u00f3n brinda deporte a m\u00e1s de 650 alumnos entre escuelas propias y alianzas.<\/p>\n<p>[\/vc_column_text][\/vc_column][\/vc_row]<\/p>\n","protected":false},"excerpt":{"rendered":"<p>[vc_row 0=\u00bb\u00bb][vc_column 0=\u00bb\u00bb][vc_custom_heading text=\u00bbAs\u00ed naci\u00f3 la Fundaci\u00f3n&#8230;\u00bb font_container=\u00bbtag:h3|font_size:28px|text_align:center|color:%230a0a0a\u00bb use_theme_fonts=\u00bbyes\u00bb][\/vc_column][\/vc_row][vc_row equal_height=\u00bbyes\u00bb content_placement=\u00bbtop\u00bb][vc_column width=\u00bb1\/2&#8243;][vc_column_text css=\u00bb.vc_custom_1516379104682{padding-right: 0px !important;padding-left: 10% !important;}\u00bb] \u201cUn hecho disparador me motiv\u00f3 a trabajar con ni\u00f1os y j\u00f3venes con discapacidad intelectual. Hace muchos a\u00f1os me pidieron ser \u2018abrazador\u2019 en una carrera con atletas con discapacidad intelectual. La tarea era sencilla: mirar a uno de los [&hellip;]<\/p>\n","protected":false},"author":2,"featured_media":941,"parent":0,"menu_order":0,"comment_status":"closed","ping_status":"closed","template":"","meta":{"spay_email":""},"jetpack_sharing_enabled":true,"jetpack_shortlink":"https:\/\/wp.me\/P9F6gM-fe","jetpack_likes_enabled":true,"_links":{"self":[{"href":"https:\/\/fundacionbaccigalupo.org\/sitio\/wp-json\/wp\/v2\/pages\/944"}],"collection":[{"href":"https:\/\/fundacionbaccigalupo.org\/sitio\/wp-json\/wp\/v2\/pages"}],"about":[{"href":"https:\/\/fundacionbaccigalupo.org\/sitio\/wp-json\/wp\/v2\/types\/page"}],"author":[{"embeddable":true,"href":"https:\/\/fundacionbaccigalupo.org\/sitio\/wp-json\/wp\/v2\/users\/2"}],"replies":[{"embeddable":true,"href":"https:\/\/fundacionbaccigalupo.org\/sitio\/wp-json\/wp\/v2\/comments?post=944"}],"version-history":[{"count":19,"href":"https:\/\/fundacionbaccigalupo.org\/sitio\/wp-json\/wp\/v2\/pages\/944\/revisions"}],"predecessor-version":[{"id":2183,"href":"https:\/\/fundacionbaccigalupo.org\/sitio\/wp-json\/wp\/v2\/pages\/944\/revisions\/2183"}],"wp:featuredmedia":[{"embeddable":true,"href":"https:\/\/fundacionbaccigalupo.org\/sitio\/wp-json\/wp\/v2\/media\/941"}],"wp:attachment":[{"href":"https:\/\/fundacionbaccigalupo.org\/sitio\/wp-json\/wp\/v2\/media?parent=944"}],"curies":[{"name":"wp","href":"https:\/\/api.w.org\/{rel}","templated":true}]}}